{"version":"1.0","provider_name":"Abadecom","provider_url":"https:\/\/abadecom.com\/en","author_name":"AdminAabadeco","author_url":"https:\/\/abadecom.com\/en\/author\/adminaabadeco\/","title":"M\u00e1quina de corte para tartas congeladas - Abadecom","type":"rich","width":600,"height":338,"html":"<blockquote class=\"wp-embedded-content\" data-secret=\"ljzDRrjjiA\"><a href=\"https:\/\/abadecom.com\/en\/maquina-de-corte-para-tartas-congeladas\/\">M\u00e1quina de corte para tartas congeladas<\/a><\/blockquote><iframe sandbox=\"allow-scripts\" security=\"restricted\" src=\"https:\/\/abadecom.com\/en\/maquina-de-corte-para-tartas-congeladas\/embed\/#?secret=ljzDRrjjiA\" width=\"600\" height=\"338\" title=\"&#8220;M\u00e1quina de corte para tartas congeladas&#8221; &#8212; Abadecom\" data-secret=\"ljzDRrjjiA\" frameborder=\"0\" marginwidth=\"0\" marginheight=\"0\" scrolling=\"no\" class=\"wp-embedded-content\"><\/iframe><script>\n\/*! This file is auto-generated *\/\n!function(d,l){\"use strict\";l.querySelector&&d.addEventListener&&\"undefined\"!=typeof URL&&(d.wp=d.wp||{},d.wp.receiveEmbedMessage||(d.wp.receiveEmbedMessage=function(e){var t=e.data;if((t||t.secret||t.message||t.value)&&!\/[^a-zA-Z0-9]\/.test(t.secret)){for(var s,r,n,a=l.querySelectorAll('iframe[data-secret=\"'+t.secret+'\"]'),o=l.querySelectorAll('blockquote[data-secret=\"'+t.secret+'\"]'),c=new RegExp(\"^https?:$\",\"i\"),i=0;i<o.length;i++)o[i].style.display=\"none\";for(i=0;i<a.length;i++)s=a[i],e.source===s.contentWindow&&(s.removeAttribute(\"style\"),\"height\"===t.message?(1e3<(r=parseInt(t.value,10))?r=1e3:~~r<200&&(r=200),s.height=r):\"link\"===t.message&&(r=new URL(s.getAttribute(\"src\")),n=new URL(t.value),c.test(n.protocol))&&n.host===r.host&&l.activeElement===s&&(d.top.location.href=t.value))}},d.addEventListener(\"message\",d.wp.receiveEmbedMessage,!1),l.addEventListener(\"DOMContentLoaded\",function(){for(var e,t,s=l.querySelectorAll(\"iframe.wp-embedded-content\"),r=0;r<s.length;r++)(t=(e=s[r]).getAttribute(\"data-secret\"))||(t=Math.random().toString(36).substring(2,12),e.src+=\"#?secret=\"+t,e.setAttribute(\"data-secret\",t)),e.contentWindow.postMessage({message:\"ready\",secret:t},\"*\")},!1)))}(window,document);\n\/\/# sourceURL=https:\/\/abadecom.com\/wp-includes\/js\/wp-embed.min.js\n<\/script>","description":"La M\u00e1quina de corte especializada en tartas congeladas de Abadecom representa la vanguardia en tecnolog\u00eda para la preparaci\u00f3n eficiente de productos congelados. Equipada con cuchillas de alta precisi\u00f3n, esta ingeniosa m\u00e1quina ha sido meticulosamente dise\u00f1ada para simplificar y acelerar el proceso de preparaci\u00f3n de tartas y otros productos similares. Su capacidad para cortar tartas de","thumbnail_url":"https:\/\/abadecom.com\/wp-content\/uploads\/2023\/04\/Maquina-de-corte-para-tartas-congeladas_Abadecom_1.jpeg"}

Máquina de corte para tartas congeladas - Abadecom

<blockquote class="wp-embedded-content" data-secret="ljzDRrjjiA"><a href="https://abadecom.com/en/maquina-de-corte-para-tartas-congeladas/">Máquina de corte para tartas congeladas</a></blockquote><iframe sandbox="allow-scripts" security="restricted" src="https://abadecom.com/en/maquina-de-corte-para-tartas-congeladas/embed/#?secret=ljzDRrjjiA" width="600" height="338" title="&#8220;Máquina de corte para tartas congeladas&#8221; &#8212; Abadecom" data-secret="ljzDRrjjiA" frameborder="0" marginwidth="0" marginheight="0" scrolling="no" class="wp-embedded-content"></iframe><script>
/*! This file is auto-generated */
!function(d,l){"use strict";l.querySelector&&d.addEventListener&&"undefined"!=typeof URL&&(d.wp=d.wp||{},d.wp.receiveEmbedMessage||(d.wp.receiveEmbedMessage=function(e){var t=e.data;if((t||t.secret||t.message||t.value)&&!/[^a-zA-Z0-9]/.test(t.secret)){for(var s,r,n,a=l.querySelectorAll('iframe[data-secret="'+t.secret+'"]'),o=l.querySelectorAll('blockquote[data-secret="'+t.secret+'"]'),c=new RegExp("^https?:$","i"),i=0;i<o.length;i++)o[i].style.display="none";for(i=0;i<a.length;i++)s=a[i],e.source===s.contentWindow&&(s.removeAttribute("style"),"height"===t.message?(1e3<(r=parseInt(t.value,10))?r=1e3:~~r<200&&(r=200),s.height=r):"link"===t.message&&(r=new URL(s.getAttribute("src")),n=new URL(t.value),c.test(n.protocol))&&n.host===r.host&&l.activeElement===s&&(d.top.location.href=t.value))}},d.addEventListener("message",d.wp.receiveEmbedMessage,!1),l.addEventListener("DOMContentLoaded",function(){for(var e,t,s=l.querySelectorAll("iframe.wp-embedded-content"),r=0;r<s.length;r++)(t=(e=s[r]).getAttribute("data-secret"))||(t=Math.random().toString(36).substring(2,12),e.src+="#?secret="+t,e.setAttribute("data-secret",t)),e.contentWindow.postMessage({message:"ready",secret:t},"*")},!1)))}(window,document);
//# sourceURL=https://abadecom.com/wp-includes/js/wp-embed.min.js
</script>

La Máquina de corte especializada en tartas congeladas de Abadecom representa la vanguardia en tecnología para la preparación eficiente de productos congelados. Equipada con cuchillas de alta precisión, esta ingeniosa máquina ha sido meticulosamente diseñada para simplificar y acelerar el proceso de preparación de tartas y otros productos similares. Su capacidad para cortar tartas de
